-9*h - 5*h**2 + 101 - 208 + 100 + h**3. Calculate the remainder when (18/8)/(2/72) is divided by f(7).
25
Let y(i) = -24*i**3 - 4*i**2 + 3*i + 6. Calculate the remainder when y(-2) is divided by 30.
26
Let w(t) = -10*t**2 - 12*t**2 - 5*t + t**3 + 29*t**2 - 2. Calculate the remainder when 98 is divided by w(-7).
32
Let u(x) be the third derivative of x**5/30 - 13*x**4/6 + 4*x**3/3 - 17*x**2. Calculate the remainder when 69 is divided by u(26).
5
Suppose -3 = b - 0. Let m = 7 - b. What is the remainder when 28 is divided by m?
8
Let i(n) = -n**3 + 6*n**2 + n. Suppose 0 = -4*u + 9*u - 4*l - 40, l + 19 = 2*u. What is the remainder when i(5) is divided by u?
6
What is the remainder when 89 is divided by 1 + 13/(-11) + 20874/462?
44
Suppose 5*k - 2*k + 233 = 4*f, 0 = 5*f + 20. Let b = -76 - k. Let d = 36 - 19. Calculate the remainder when d is divided by b.
3
Let f(b) = 5*b - 31. Suppose -q + 12 + 1 = 0. What is the remainder when f(q) is divided by 18?
16
Let k = 46 + -62. Let g = k + 27. Let x(p) = 2*p**3 - 5*p**2 + 3*p + 3. What is the remainder when x(3) is divided by g?
10
Suppose 2*o - 3 + 1 = 0. Suppose 3*l - 10 = -o. Let u = 4 - 2. What is the remainder when l is divided by u?
1
What is the remainder when -10*(-142)/15*3 is divided by 72?
68
Let r(u) = -u + 21. Let s be r(21). Suppose 2*z + 17 - 45 = s. What is the remainder when z is divided by 7?
0
Suppose 1927 + 273 = 20*p. Calculate the remainder when p is divided by (-28)/(-3)*(-3)/(-1).
26
Let s = -2378 + 2384. What is the remainder when 700 is divided by s?
4
Let m(b) = b**3 - 5*b**2 - 16*b + 34. Calculate the remainder when 32 is divided by m(7).
12
Let q(v) = 48*v - 229. Calculate the remainder when 494 is divided by q(5).
10
Let d(a) = 18*a - 523. What is the remainder when d(31) is divided by -3*(-2)/3 + 7?
8
Let m = 216 + -229. Let p = 121 - 23. Let c = p - m. What is the remainder when c is divided by 28?
27
Let a = -733 - -743. Calculate the remainder when 127 is divided by a.
7
Let o = 1898 + -1860. What is the remainder when 205 is divided by o?
15
Suppose l - 318 = 3*n, 23*n - 21*n + 1242 = 4*l. Calculate the remainder when l is divided by 105.
99
Let f be (-6 - -3 - 7)/2. Let j(a) = a**2 + 4. What is the remainder when j(f) is divided by 16?
13
Suppose 4*u = -4*j + 92, 9*u - 3*j - 99 = 6*u. What is the remainder when 47 is divided by u?
19
Calculate the remainder when (1 - 1) + -9 + 21 + 255 is divided by 90.
87
Let k(r) = r**3 - 13*r**2 + 16*r + 1. What is the remainder when k(12) is divided by 14?
7
Let t(a) = a + 17. Let s be t(-8). Suppose -s*j + 62 + 46 = 0. What is the remainder when 47 is divided by j?
11
Let j = 11 + 40. Let r(n) = -2*n**3 - 6*n**2 - 6*n - 4. Calculate the remainder when j is divided by r(-3).
9
Let p = -190 - -314. Let q(f) = 6*f**2 - 2*f + 1. Calculate the remainder when p is divided by q(2).
19
Let t = -27 + 21. Let c = 13 + t. Calculate the remainder when 19 is divided by c.
5
Suppose 154 = -3*l + 5*z, 6*l - 3*z + 144 = 3*l. Suppose -151 = -5*h + 154. Let r = h + l. Calculate the remainder when r is divided by 5.
3
Suppose -121 = 4*a - 425. Suppose -9*t = -6*t - 78. What is the remainder when a is divided by t?
24
Let g be (2 + 9/(-12))*16. What is the remainder when 775/g - (-3)/12 is divided by 11?
6
Let b be 32 + 2/7 + 95/35. Suppose -9*s = -10*s + b. What is the remainder when s is divided by 9?
8
Let q = 64 + -35. Let d = q - 28. What is the remainder when 12 is divided by (21*d/3)/1?
5
Suppose -6*k + 148 = 4*f - 2*k, -3*k = 15. What is the remainder when f is divided by 5?
2
Let m(t) = -t**3 + 6*t**2 + t. Let g be m(5). Let f be (12/(-10))/(12/g). Calculate the remainder when 49 is divided by (-9)/(-3)*(-25)/f.
24
Suppose -5*x = 4*w - 487, -6*w = -4*w + 4*x - 248. Calculate the remainder when 707 is divided by w.
117
Suppose -r = -l + 101, 4*l + 9*r = 10*r + 416. Calculate the remainder when 2728 is divided by l.
103
Let t(k) be the first derivative of -3*k**2/2 - 15*k - 3. Let s be t(-6). What is the remainder when 11 is divided by (18/3)/(s + -1)?
2
Suppose 0 = 2*i - 26 - 12. Suppose -7*n = p - 2*n - 20, 4*p + n = 137. What is the remainder when p is divided by i?
16
Calculate the remainder when 205 is divided by -4 + (-4)/((-24)/(-2))*-81.
21
Suppose -5*y + 2*y + 3*n - 75 = 0, 2*y + 35 = 5*n. Calculate the remainder when -1*(y + (0 - -4)) is divided by 10.
6
Let y = 8 - 5. Let j be ((-28)/6 - -4)*-6. Suppose 0 = j*u - 0 - 16. What is the remainder when u is divided by y?
1
Suppose 53 = 5*n - 7. What is the remainder when 47 is divided by n?
11
Let n(y) = -4*y + 1. Let s be n(-1). Suppose -25 = -w - s*f - 0, 2*w - 4*f = 36. Let p = w + -13. Calculate the remainder when 34 is divided by p.
6
Suppose 5*a + 3*r = 4*r + 10, -4*r = 2*a - 4. Calculate the remainder when 13 is divided by a.
1
Let p(q) be the first derivative of q**3/3 + q**2 + q + 13. What is the remainder when 8 is divided by p(-3)?
0
Let s(a) = 3*a + 63. Let w = 91 - 104. What is the remainder when 70 is divided by s(w)?
22
Suppose 2*u - 47 = -7. Suppose 52*i - 7668 + 1835 = 1291. What is the remainder when i is divided by u?
17
Suppose -2*q - 3*t = -24, -5*t + 7*t = 3*q - 36. Let f(m) = 2*m + 7. Let o be f(-5). Calculate the remainder when (3 - o)*11/2 is divided by q.
9
Suppose 13 = o + 1. Suppose m - 5*q = o, -8 - 3 = -m + 4*q. Calculate the remainder when 32 is divided by m.
4
Calculate the remainder when ((-4)/(-10))/((-1)/(-155)) is divided by 19.
5
Let a(h) = h**3 + h**2. Let q = 6 - 5. Let r be a(q). Let y(g) = 2*g**2 - 3*g. Calculate the remainder when 5 is divided by y(r).
1
Suppose -2*v + 23 = -5*u, 5*v - 102 = -4*u + 5. What is the remainder when 38 is divided by v?
0
Let m be 849/12 + (-2)/(-8). Let x = m + 17. What is the remainder when x is divided by 30?
28
Let c(f) = -f**2 + 6*f + 14. Let q be c(8). Calculate the remainder when 12 is divided by 27/(1 - q) + -1.
4
Suppose 0 = -2*g - 3*b + 227, 4*g + 3*b = 5*b + 494. What is the remainder when g is divided by 25?
21
Let z be 4 - ((-4)/(-2) + -3). Suppose -140 = z*j - 9*j. Suppose 5*i = -2*q + j, 5*q + 61 = 4*i - 0*q. Calculate the remainder when 26 is divided by i.
8
Let f = 0 + 8. Let w(n) = -n**2 + 3*n - 2. Let j be w(2). Let y(r) = r**2 + r + 6. Calculate the remainder when f is divided by y(j).
2
Let y(c) = c**2 - 9*c + 21. Let j be y(8). What is the remainder when 77 is divided by (0 - 0)*1 + 3 + j?
13
Suppose 6*r = -1 + 127. What is the remainder when (14/r)/((-284)/(-141) + -2) is divided by 17?
13
Suppose -4*i - 20 = -u, u + 5*i + 25 = -u. What is the remainder when 103 is divided by (-3)/2*((-208)/12 - u)?
25
Suppose -4*k = v + 25, -4*k - 5*v - 9 - 20 = 0. Calculate the remainder when -1*((-2394)/15 + k/15) is divided by 23.
22
Let h be (93 - 0)*(-6 + 5). Let k = -52 - h. Suppose -4*m = -3*m - 14. Calculate the remainder when k is divided by m.
13
Let z(o) = -o**3 - 4*o**2 + 3*o - 1. Suppose c = 5*y + 2*c - 21, 4*c = -2*y + 12. Suppose 93 = y*t + 29. What is the remainder when t is divided by z(-5)?
7
Let n(f) = 3*f**3 - 4*f**2 - 12*f - 25. What is the remainder when n(5) is divided by 66?
58
Let v(c) = 3*c**3 + 2*c**2 - 1. Let f be v(1). Suppose -i - 54 = -3*i - f*y, 4*y = 5*i - 93. Calculate the remainder when 60 is divided by i.
18
Suppose g - 184 = -3*g. Let q(o) = -o**3 + 4*o**2 + 14*o - 2. Calculate the remainder when g is divided by q(6).
6
Suppose 5*p + 5*o = 4*o + 39, -3*p = 4*o - 20. What is the remainder when 3*4/6 + 27 is divided by p?
5
Suppose j - 32 = -j. Suppose 12 = 3*l - 3*f, -7*l - 3*f - 21 = -11*l. Calculate the remainder when j is divided by l.
7
What is the remainder when (169 + 0)*(1 + 0) is divided by 19?
17
Let x(w) = -w**3 + 16*w**2 + 24*w - 28. Suppose -4*t + 152 = t - 3*s, -s - 61 = -2*t. Calculate the remainder when x(17) is divided by t.
29
Let o = 38 - 30. Suppose -o = -n + 2*r + 2, 30 = 3*n + 4*r. What is the remainder when 18 is divided by n?
8
What is the remainder when 226 is divided by (-14)/(-42)*171*1?
55
Let p(c) = -c**2 + c + 16. Let k be p(4). Suppose -68 = k*f - 8. Let m = f - -65. Calculate the remainder when m is divided by 18.
14
Suppose 0 = 22*l - 1271 + 479. Calculate the remainder when 137 is divided by l.
29
Let u = 217 + -57. Calculate the remainde